he second derivative of c + 3/2*c**2 + 0*c**3 - 1/20*c**5 + 0 + 5/6*c**4. Give x(10).
3
Suppose 2*s = 3*f + 7, 2 = 3*f + 11. Let u be s + 1/(-3) + 2/(-3). Let t(h) = -2 + 3*h**2 + h - h**2 + 4. Calculate t(u).
8
Let v(f) = -87*f + 3 + 1 - 1 + 57*f + 33*f. Give v(10).
33
Suppose 4*s - 5*s + 22 = 0. Suppose 2*n + 4*a + s = 0, 2*n - 17 = 3*n + 4*a. Let c(k) = -k**2 - 4*k - 2. Determine c(n).
-7
Let y(c) be the third derivative of c**5/60 - 11*c**4/24 + 19*c**3/6 - 388*c**2. Calculate y(8).
-5
Let d(b) = b**2 + 3*b - 4. Let q(k) be the second derivative of k**5/20 - 4*k**4/3 - 3*k**2/2 + 7*k. Let w be q(16). Give d(w).
-4
Let h(y) = -11*y - 4 + 5 + 5*y - 14. Let w(a) = 5*a + 12. Let n(r) = -3*h(r) - 4*w(r). Let z be 1/2 + 15/(-2). Calculate n(z).
5
Let a(v) = -5*v**3 + 5*v**2 - 5*v - 2. Suppose -16 = -l - 3*l + 3*p, 4 = l + p. Let t(f) = f**3 + f + 1. Let w(k) = l*t(k) + a(k). What is w(5)?
-3
Let k = 2 + -1. Let y(l) = -374*l + 1 - 354*l + 708*l. What is y(k)?
-19
Let m(q) = -2*q**2 - 3*q - 4. Suppose 2*i = -4*y, 0*i - i + 2 = y. Determine m(y).
-6
Let g(m) = -4*m**2 - 14*m - 5. Let i be g(-2). Let d(a) = -a**2 + 4*a + 15. Give d(i).
-6
Let k be (7/(-2))/(217/(-186)). Let r(q) = 4*q + 8*q - q**3 - 2*q + 7 - 3*q**2. Let l(g) = g**2 - g - 1. Let m(a) = -6*l(a) - r(a). Determine m(k).
-13
Let k(p) = p**3 - p**2 + 5*p + 2. Let i be k(0). Let w(u) be the second derivative of -1/2*u**i + 0 - 1/2*u**3 - 6*u. Calculate w(1).
-4
Let q(g) be the first derivative of -g**6/360 + 7*g**5/120 - g**4/6 - 4*g**3/3 - 7. Let z(r) be the third derivative of q(r). Calculate z(5).
6
Let j(m) be the second derivative of -m**3/6 - m**2/2 - 10*m - 2. Calculate j(-1).
0
Suppose -5*n + 4*h - 23 = 0, 6*h - 10*h - 33 = 3*n. Let m(v) = -v**2 - 1. Let f(l) = 2*l**2 + 6*l + 5. Let i(t) = -f(t) - m(t). Calculate i(n).
-11
Let g(v) = v + 1. Let j(n) = n**2 + 4*n - 10. Let b(h) = 6*g(h) - j(h). Let s(x) be the first derivative of b(x). Suppose -3*i + i = -10. Calculate s(i).
-8
Suppose 2*j + 2*k - 2 = 0, -3*k = 2*k + 5. Let c(o) = o**3 + 3*o**2 - 3*o - 2. Determine c(j).
12
Let x be (-30 + 0)/(2/2). Let i be (-1 - -2)/(2/x). Let l = -9 - i. Let a(t) = t. Determine a(l).
6
Let g be (-5 + 4 - (-16)/10)*10. Suppose 2*t - 48 = -g*t. Let v(f) be the first derivative of f**3/3 - 4*f**2 + f - 2. Calculate v(t).
-11
Let g(u) = -4 - 3 + 7 + 6 + 3*u. Suppose i - 5*b + 18 + 12 = 0, -b = 5*i + 20. Calculate g(i).
-9
Let o(p) = p - 1. Suppose -3*w - 210 = -18*w. Let c be ((-3)/2)/((-3)/8). Suppose c*k + w = h, -h + 2*k = h - 16. Determine o(h).
5
Let l(i) = -2*i - 1. Let q(h) = -3*h - 2. Let n(j) = 5*l(j) - 3*q(j). Let f = 9 + -7. Let d be f - 2/(2/7). What is n(d)?
6
Let p = -14 - -19. Suppose -3*z = 2*j - 16, -4*z + 4*j - 12 = -p*z. Let n(l) = l**2 - l - z*l + 0 + 3. What is n(3)?
-3
Let f(a) = a**3 + 2. Suppose 15*b = 10*b + 5*k - 15, 2*b + 11 = 3*k. What is f(b)?
10
Let r(c) = -14*c - 5 + 6 + 3613*c**2 - 3612*c**2. Give r(14).
1
Let s(r) = r**3 - r - 2. Let q(j) = -j**3 + 10*j**2 - 9*j + 5. Let o be q(9). Suppose 0 = -o*m + 10. Suppose 3*a - m = 4. What is s(a)?
4
Let s(a) = -a**2 + a + 15. Let u be s(4). Let p(d) = -5 - d**2 - 3*d - 4*d + u + 2*d. Give p(-4).
2
Suppose 7*a + 29 - 1 = 0. Let w(i) = i**3 + 4*i**2 + 2. What is w(a)?
2
Let j(h) be the first derivative of -3*h**4/8 - h**3/2 + 3*h**2 + 10. Let a(o) be the second derivative of j(o). Calculate a(-2).
15
Suppose 268 = 3*w + k, 3*w + 3*k - 264 = -0*w. Let v be 9/6*w/27. Let r(z) = -z**3 + 5*z**2 - z + 2. What is r(v)?
-3
Let h(g) = -3*g**3 - 13*g**2 + 8*g + 10. Let l(f) = -5*f**3 - 20*f**2 + 12*f + 15. Let x(d) = -8*h(d) + 5*l(d). Calculate x(5).
-50
Let u(z) = -15*z**3 - 16*z**2 + 27*z - 8. Let t(k) = 7*k**3 + 8*k**2 - 13*k + 4. Let p(o) = -13*t(o) - 6*u(o). Give p(-9).
14
Let y(w) = -5 + 7*w - 10*w**2 + 2*w**2 + w + w**3. Let r = 1 + 2. Suppose -s + 14 + 13 = 4*l, 0 = -2*l - r*s + 11. What is y(l)?
2
Let i(q) = q - 1. Suppose 5*k + 25 + 3 = 4*j, -4*j - 2*k = 0. Let o be i(j). Let l(z) be the second derivative of z**3/6 - z**2/2 + z. What is l(o)?
0
Let t(l) = -l + 1. Let w(b) = 5*b. Let z(y) = -4*t(y) - w(y). Let q(n) = -n**2 + 7*n - 9. Suppose -4*k + 3 = -4*m - 21, k + m - 6 = 0. Let j be q(k). Give z(j).
-1
Let b(i) = i**2 - 6*i + 4. Let s be (-3)/(-3) - (126 + 2/2). Let j = 130 + s. Calculate b(j).
-4
Let b(r) = 162 + r**2 - 56 - 49 - 2*r**2 - 52 + r. What is b(-5)?
-25
Let q(s) = -48*s - 47*s - 54*s + 6 + 4 + 151*s. Give q(-10).
-10
Suppose r = -4*u + 23, 2*u + 3*r = -r + 8. Let q(o) = 7 + o**2 - 3*o + u*o - 4*o - o**3. Suppose 2*l = 8*l. Calculate q(l).
7
Let l be (-15)/(-5) - 28/(-14). Let y(r) be the third derivative of 1/6*r**4 + 0*r - 1/60*r**l + 0 + 7/6*r**3 + r**2. What is y(6)?
-5
Let g(q) = -q + 10. Let f be g(6). Suppose -u - 3 = -f*u. Let x be (0 + (-2 - -2))*u. Let k(i) = -i**3 - i**2 + 10. Calculate k(x).
10
Suppose 4*c = -18 - 6. Let g(w) be the first derivative of 2*w - 7/2*w**2 - 1/3*w**3 - 16. Determine g(c).
8
Let c(t) = 6 - 3 - 9*t**3 - 4*t**2 + t + 7*t**3. Let u be c(-3). Let p = u - 24. Let g(w) = -w**3 - 6*w**2 + w + 8. Determine g(p).
2
Let n(l) = -3*l**2 + 3*l. Let q(x) = -4*x**2 + 2*x + 1. Let a = 3 + -1. Let s(z) = a*q(z) - 3*n(z). Let o = -577 + 580. Determine s(o).
-4
Suppose -4*g = 12, 4*h - 29 = 14*g - 11*g. Let p(n) = -n**2 + 2*n + 11. Give p(h).
-4
Let s(m) = -m**3 + 4*m + 2. Let l(v) = v. Let f(r) = -r**3 - 2*r**2 + r + 1. Let w be f(-1). Let i(g) = w*s(g) + 5*l(g). Calculate i(0).
-2
Let i = 1 - 1. Suppose 2*u - l - 1 = -5, i = -5*u + l - 16. Let k be (u/6)/(4/12). Let p(q) = 3*q + 2. Determine p(k).
-4
Let r be (-14)/98 + (-30)/35. Let x(q) = 36*q**3 + 2*q + 1. Calculate x(r).
-37
Suppose 0 = 7*d - 699 + 741. Let z(k) = k**3 + 6*k**2 + 7*k + 2. Calculate z(d).
-40
Suppose 5*t + 1 + 15 = k, 4*k = 4*t + 32. Suppose k*r + 18 = -3*r. Let o(z) = -5*z + 1. Give o(r).
11
Let r(u) = -u**2 + 2. Let w be r(1). Let c(a) be the second derivative of -7*a**3/2 - a - 1. What is c(w)?
-21
Let w(x) = -23*x**2 + 3*x**2 + 1 + 17*x**2 + x. Suppose 1 - 3 = 2*u. Calculate w(u).
-3
Let o(w) = -w**2 + 80 - 147 + 66 - 8*w. Give o(-6).
11
Let m be -2 + (-1 - -3) - -4. Suppose d + 3 - 1 = -f, 16 = -m*d. Let g(t) = -2*t - 5*t**2 + 3 - 4*t**2 - t**3 + 13*t**f - t**2. Determine g(3).
-3
Let x be 144/(-336) + 1 + 78/(-14). Let h(z) = z + 3. Give h(x).
-2
Let t be (-32)/(-6) + 80/48. Let j(l) = l**3 - 6*l**2 - 4*l - 1. Give j(t).
20
Let w(b) = -5*b**2 + 9*b - 5. Suppose -22 = 5*p + 3. Let q(i) = -6*i**2 + 10*i - 6. Let k(f) = p*w(f) + 4*q(f). What is k(5)?
1
Let t(k) = 30 + 3*k**3 - 18123*k**2 - k + 18117*k**2 - 2*k**3 - 5*k. Calculate t(6).
-6
Let a(s) = -5*s - 5. Suppose 2*p - 124 = -116. Calculate a(p).
-25
Let n(j) = -3 - 22*j**2 + 57*j**2 - 14*j**2 - 28*j**2 + j**3. Give n(6).
-39
Let v(m) be the third derivative of 4*m**5/15 - m**4/24 + 107*m**2. Give v(1).
15
Let b(m) = -144*m + 48*m + 45*m + 41*m. Suppose -4*z + 17 = 3*o, 0*z + o - 11 = -4*z. Let i be 2 - (3 - (-2 + z)). Calculate b(i).
10
Suppose -3*w = -15 + 3, -4*w = -4*i + 16. Let s(l) = 2*l**2 - 25*l - 2. Let m(b) = b**2 - 12*b - 1. Let u(q) = -9*m(q) + 4*s(q). Determine u(i).
1
Let i = 149 + -147. Let p(q) = -406*q**2 + 413*q**i + 0 + q**3 - 5 + 4*q. Calculate p(-5).
25
Let n(v) = v**3 - 6*v**2 - 2*v + 7. Let o = -23 + 31. Let p be (o + 1)/(15/10). What is n(p)?
-5
Let f = 486 + -492. Let c(g) = -4*g + 5. Calculate c(f).
29
Let k(p) be the third derivative of p**6/120 + 7*p**5/30 - p**4/24 - 8*p**3/3 - 22*p**2 - 5. Determine k(-14).
-2
Let t(v) = v**3 - 2*v**2 + 3*v - 2. Let s = 36 - -10. Suppose s = 4*x - 22. Suppose -j - q + 4*q = -x, 5 = -q. Determine t(j).
4
Suppose -65*y + 30 = -50*y. Let t(a) = -1. Let p(d) = -3*d - 4. Let j(f) = p(f) - 3*t(f). Calculate j(y).
-7
Let x be (19 + -40)*2/(-7). Suppose 0 = m + 4*h - x - 5, m + 5*h = 13. Let c(o) = -7*o + 3. Calculate c(m).
-18
Let w(r) be the second derivative of r**4/12 - 5*r**3/3 - r**2 - 5*r - 8. Give w(7).
-23
Let f(b) = -b. Let w(u) = u + 1. Let n(p) = -p**3 + 8*p**2 - 7*p - 2. Let i be n(7). Let s be 9/18 - 13/i. Let o(c) = s*f(c) + 6*w(c). Give o(5).
1
Let g(t) = 2*t**2 + t - 4. Suppose -19*c - 189 = -151. Give g(c).
2
Let d = -32 + 33. Let z(o) = 10*o**3 - 1. What is z(d)?
9
Let t(y) = -2*y**2 